{"id":277,"date":"2020-05-10T12:13:03","date_gmt":"2020-05-10T11:13:03","guid":{"rendered":"http:\/\/haicuhaiducii.ro\/?page_id=277"},"modified":"2020-05-10T14:46:39","modified_gmt":"2020-05-10T13:46:39","slug":"evenimente","status":"publish","type":"page","link":"https:\/\/haicuhaiducii.ro\/index.php\/evenimente\/","title":{"rendered":"EVENIMENTE"},"content":{"rendered":"\n<p>Fiecare zi poate fi un prilej de s\u0103rb\u0103toare atunci c\u00e2nd \u00ee\u021bi sunt al\u0103turi persoanele dragi. Tu cheam\u0103-ti familia si prietenii, iar noi ne ocupam de restul. Voie buna, activit\u0103\u021bi distractive de grup sau individuale, picnicuri sau mese festive in diverse loca\u021bii &#8211; momente de neuitat va sunt mai aproape ca niciodat\u0103. Anivers\u0103ri, onomastici sau orice crede\u021bi ca merita s\u0103rb\u0103torit, pot reprezenta pretextul spre a face primul pas catre experien\u021be de vis, axate pe ceea ce va dori\u021bi: aventur\u0103, distractie sau relaxare.<\/p>\n","protected":false},"excerpt":{"rendered":"<p>Fiecare zi poate fi un prilej de s\u0103rb\u0103toare atunci c\u00e2nd \u00ee\u021bi sunt al\u0103turi persoanele dragi. Tu cheam\u0103-ti familia si prietenii, iar noi ne ocupam de restul. Voie buna, activit\u0103\u021bi distractive de grup sau individuale, picnicuri sau mese festive in diverse loca\u021bii &#8211; momente de neuitat va sunt mai aproape ca niciodat\u0103. Anivers\u0103ri, onomastici sau orice [&hellip;]<\/p>\n","protected":false},"author":1,"featured_media":0,"parent":0,"menu_order":0,"comment_status":"closed","ping_status":"closed","template":"","meta":{"ngg_post_thumbnail":0,"footnotes":""},"_links":{"self":[{"href":"https:\/\/haicuhaiducii.ro\/index.php\/wp-json\/wp\/v2\/pages\/277"}],"collection":[{"href":"https:\/\/haicuhaiducii.ro\/index.php\/wp-json\/wp\/v2\/pages"}],"about":[{"href":"https:\/\/haicuhaiducii.ro\/index.php\/wp-json\/wp\/v2\/types\/page"}],"author":[{"embeddable":true,"href":"https:\/\/haicuhaiducii.ro\/index.php\/wp-json\/wp\/v2\/users\/1"}],"replies":[{"embeddable":true,"href":"https:\/\/haicuhaiducii.ro\/index.php\/wp-json\/wp\/v2\/comments?post=277"}],"version-history":[{"count":2,"href":"https:\/\/haicuhaiducii.ro\/index.php\/wp-json\/wp\/v2\/pages\/277\/revisions"}],"predecessor-version":[{"id":317,"href":"https:\/\/haicuhaiducii.ro\/index.php\/wp-json\/wp\/v2\/pages\/277\/revisions\/317"}],"wp:attachment":[{"href":"https:\/\/haicuhaiducii.ro\/index.php\/wp-json\/wp\/v2\/media?parent=277"}],"curies":[{"name":"wp","href":"https:\/\/api.w.org\/{rel}","templated":true}]}}